- l + 4*l + 13, 0 = -5*k + 4*l + 54. Suppose -16*n = -k*n - 5274. List the prime factors of n.
3, 293
Let g(p) = 2469*p**2 + 7*p + 8. What are the prime factors of g(-1)?
2, 5, 13, 19
Suppose -5*m = -13*m + 32. Suppose 3*k - 561 = -m*r, -3*r + 281 = -r + k. Let y = -10 + r. List the prime factors of y.
131
Let q(a) = 12*a + 1. Let b(j) = -j**3 - 5*j**2 - 2*j - 9. Let d be b(-5). Let s(t) = 19*t - 7. Let l be s(d). What are the prime factors of q(l)?
5, 29
Let u = 3275 - -4151. What are the prime factors of u?
2, 47, 79
Let s be 5*((-319)/5 - -1). Suppose -894 - 10 = 6*d + 254. Let u = d - s. What are the prime factors of u?
11
Let t(c) = 10*c**2 - 67*c + 2455. List the prime factors of t(28).
8419
Let c = -7969 + 32947. What are the prime factors of c?
2, 3, 23, 181
Let s(u) = 4*u + 20. Let i(m) = -m**2 - m + 6. Let z be i(-4). Let w be s(z). What are the prime factors of w + (-3 + 0 - -52)?
3, 5
Suppose -28*z + 87 = -25. Suppose -3*r - 4*k = -848, z*k - 294 = -r - 6. What are the prime factors of r?
2, 5, 7
Suppose -155 = 2*r - 161. Suppose -r*o + 294 = -3*u, -2*u = 4*o - 0*o - 416. What are the prime factors of o?
2, 3, 17
Suppose 11243*y = 11228*y + 142770. What are the prime factors of y?
2, 4759
Let f = 15320 + 27373. What are the prime factors of f?
3, 7, 19, 107
Let w = -45 - -60. Let o = w + -17. List the prime factors of (-1)/(3/474*o) - 2.
7, 11
Suppose 2*y - 4*j - 42 = 582, 0 = 5*y + j - 1593. Suppose 3*o + 2*f - 241 = 0, f - y = -2*o - 2*o. Let s = o - 33. List the prime factors of s.
2, 23
Let z = 15299 + -3400. List the prime factors of z.
73, 163
Let y(d) = 10*d**3 + d**2. Let a be y(2). Suppose 62 = -m - k - a, -4*m - 604 = -k. Let n = -54 - m. List the prime factors of n.
2, 3
What are the prime factors of (2 - 1)*(-18 - -39 - -4785)?
2, 3, 89
Let b(s) = -s - 5. Let i be b(-4). Let u be (6/i)/(-2 - -1). Let a(d) = 28*d - 5. List the prime factors of a(u).
163
Suppose -2*a + 3*q + 72582 = 4*q, 5*a - 4*q - 181416 = 0. List the prime factors of a.
2, 3, 7
Suppose -7*y + 6 = -8. Suppose 4*a + 78 = -v + 212, v - y*a = 128. What are the prime factors of v?
2, 5, 13
Suppose d + 45956 = 5*s - 14220, -5*s - 4*d + 60146 = 0. What are the prime factors of s?
2, 11, 547
Let c(w) = 2*w**2 + 5*w + 5. Let s be c(-1). Suppose s*n = -3*b + 1321, -3*n - 3*b + 2854 = 880. List the prime factors of n.
653
Suppose 4*s + 5*x - 22160 = 0, 7*s = 6*s - 5*x + 5540. What are the prime factors of s?
2, 5, 277
Let n(f) = -f**3 + 6*f**2 + 47*f + 14. Let l be n(11). Let d be 160 + (-2)/2*3. Let k = l + d. What are the prime factors of k?
83
Suppose -5*i + 20 = 3*z, 5*z - 16 - 10 = -i. Let u be 12 + -10 + -2*i. Suppose 6*q - 388 + 52 = u. What are the prime factors of q?
2, 7
What are the prime factors of (36/4 + 0)/(2/706)?
3, 353
Suppose -4*c = -2*l + 1 + 3, 3*c - 4*l - 7 = 0. Let f = 388 - c. List the prime factors of f.
17, 23
Suppose -3*f + 2*w + 2*w = -47, -15 = -f + 2*w. Suppose 3047 = -6*q + f*q. List the prime factors of q.
277
Let y(q) = 66*q**2 - 4*q - 6. Let g be y(-3). Suppose 39*f + g = 44*f. What are the prime factors of f?
2, 3, 5
Suppose 0 = 3*i - 4*t, 3*i - 2*t = -t. Suppose -4*m - f + 4116 = i, -5*m + 7*f - 10*f + 5152 = 0. What are the prime factors of m?
2, 257
Let o = 7278 - -37841. What are the prime factors of o?
45119
Let f(w) = -523*w - 4387. List the prime factors of f(-46).
3, 79, 83
Suppose 0 = 4*g - 12, 84*t + 3*g = 82*t + 55. Suppose 6*w - 4*w = 2*v - 102, -2*w - 2*v - 90 = 0. Let p = t - w. List the prime factors of p.
71
Suppose -5 = -u + 3. Suppose u*o - 28 = o. Suppose 4*h = 4*t + 304, -4*t - 375 = -o*h - h. What are the prime factors of h?
71
Suppose 0 = 3*a + a - 31*a. Let c = 27 - 16. Suppose c*b - 2651 - 341 = a. List the prime factors of b.
2, 17
Let s = -5150 + 21294. What are the prime factors of s?
2, 1009
Suppose 4*g - t = 27, -7*t + 8*t = 5*g - 35. Let z(m) = 2*m**3 - 10*m**2 + 20*m - 34. What are the prime factors of z(g)?
2, 3, 5, 17
Let c = -171 + 290. Suppose -121*k + 390 = -c*k. List the prime factors of k.
3, 5, 13
Let m = 1177 - -2059. Suppose 18403 - m = 29*b. What are the prime factors of b?
523
Suppose -j = -2 - 43. Let y be (-2)/3 - 1490/(-30). Suppose j*d = y*d - 284. What are the prime factors of d?
71
Let y(g) = 54*g - 49. Let h be y(6). Let u = h + -106. List the prime factors of u.
13
Let y(j) = -2*j**3 - 16*j**2 + 14*j + 74. What are the prime factors of y(-16)?
2, 1973
Suppose -2*b + 12 = 2*c, -5*c - 5*b = -2*b - 36. List the prime factors of 49 + c/(45/10).
3, 17
Suppose -3*d - 5*h + 2378 = -0*h, -3952 = -5*d + 3*h. Let l = d + -255. List the prime factors of l.
2, 67
Suppose -5*r = -10*r + h + 2939, -5*r - 3*h = -2923. Suppose 0 = 5*n + 13 - 8, -g = -n - r. List the prime factors of g.
2, 293
List the prime factors of -37302*((-9)/(-15))/(((-252)/(-40))/(-7)).
2, 6217
Let q = 938 + -563. Let x = -343 + q. List the prime factors of x.
2
List the prime factors of -21 + 21 + -11 + 8888.
3, 11, 269
Suppose 12331 = 10*a - 10769. Suppose 2*y = -4*h + a, -3*h + 7*y + 1726 = 2*y. List the prime factors of h.
577
Suppose 303*s - 90224 = 295*s. Suppose s = 6*r + 1132. List the prime factors of r.
19, 89
Let a = -9058 - -20685. What are the prime factors of a?
7, 11, 151
Let b be 5/20*-4*-7. What are the prime factors of 192186/189 - (-8)/b?
2, 509
Let d = 123 - 57. Let w be (-2)/(-7) - d/(-14). Suppose s + 5*x = 4, -2*s - 44 = -w*s + x. List the prime factors of s.
2, 7
Let u(n) = -10*n + 4*n - 3 - 15*n - 24*n - 3*n**2. List the prime factors of u(-12).
3, 5, 7
Let z(f) = -74*f - 13. Let u be z(-6). Suppose -4*h = -u - 169. Suppose 38*p = 40*p - h. List the prime factors of p.
3, 5
Let q = 25 - 25. Suppose q = -8*p + 4*p + 4544. Suppose 5*b + 0*b + z = 1396, -p = -4*b + 4*z. List the prime factors of b.
2, 5, 7
Suppose -3*b = f - 20961, -f - b - b = -20965. List the prime factors of f.
3, 6991
Let b = -378 + 379. What are the prime factors of -116*(7/(-2) + b)?
2, 5, 29
Let z = -14903 - -24397. What are the prime factors of z?
2, 47, 101
Let a(t) = -29*t + 15. Let x be ((-3)/12)/(-3 - 35/(-12)). Let z(i) = 29*i - 13. Let g(l) = x*z(l) + 2*a(l). List the prime factors of g(5).
2, 17
Suppose 0 = -330*x + 355*x - 538000. What are the prime factors of x?
2, 5, 269
Let c(l) = 2814*l - 1048. What are the prime factors of c(16)?
2, 23, 239
Suppose -381*k = -77*k - 1958976. What are the prime factors of k?
2, 3, 179
Let y(o) = -o**2 - 4*o + 51. Let j be y(6). Let h(q) = -22*q + 3. List the prime factors of h(j).
3, 67
Let h be ((-2)/3)/(2/75). Let q(b) = -2*b**3 - 49*b**2 + 20*b - 1. What are the prime factors of q(h)?
2, 31
Suppose -2*z + z + 391 = 2*l, z - 783 = -4*l. Let g = l - 139. List the prime factors of g.
3, 19
What are the prime factors of 7860/(-4)*-1 - (28 + -31)?
2, 3, 41
Suppose -5089 = -6*w + 35. Suppose m = -219 + w. What are the prime factors of m?
5, 127
List the prime factors of (1257 - -2*1) + (-8 - 25 - -27).
7, 179
Suppose 456218 + 96454 = 57*m. What are the prime factors of m?
2, 3, 101
Suppose 3*g + 44 = 17. What are the prime factors of (g/(-63) - (-29)/(-7)) + 12?
2
Let j(q) = 10*q**2 - 18*q + 227. Let f(b) = -3*b**2 + 6*b - 76. Let h(d) = -7*f(d) - 2*j(d). Let s be (44 - 45)*(-1)/(-2)*0. List the prime factors of h(s).
2, 3, 13
Let z be (-14)/259 - (-79702)/74. Suppose -4*q = -3*p + 3263, p + 0*p - z = 4*q. What are the prime factors of p?
1093
Let i = 144296 - 92981. List the prime factors of i.
3, 5, 11, 311
Let c = 444 - -306. Suppose -2*t - 5*o = -1231, c = t + 2*o + 134. What are the prime factors of t?
2, 3, 103
Suppose 0 = -6*l - 10*l - 224. Let h(q) be the third derivative of -q**4/4 - 4*q**3 - 10*q**2. List the prime factors of h(l).
2, 3, 5
Suppose -8*o = -40 - 232. Suppose 31*r = o*r - 771. List the prime factors of r.
257
Suppose 43 = 3*p + p + 3*y, 0 = 4*p + 5*y - 53. Let z(w) be the third derivative of w**4/24 - 2*w**3/3 + 291*w**2. What are the prime factors of z(p)?
3
Let p(z) = -z + 6. Let y be p(5). Let c(r) = -60*r + 3 + 40*r**3 - 6 + 57*r + 5 + 40*r**3 + 2*r**2. List the prime factors of c(y).
3
Suppose -6*y = -10*y + 704. Let v = y + -22. List the prime factors of v.
2, 7, 11
What are the prime factors of 237*47 - (-2 + 11 - 5)?
5, 17, 131
Let t be (-66)/(-14